{"id":121,"date":"2023-10-06T15:20:45","date_gmt":"2023-10-06T13:20:45","guid":{"rendered":"https:\/\/janhonig.com\/?page_id=121"},"modified":"2023-12-04T15:46:51","modified_gmt":"2023-12-04T14:46:51","slug":"blog","status":"publish","type":"page","link":"https:\/\/janhonig.com\/index.php\/blog\/","title":{"rendered":"Blog"},"content":{"rendered":"\t\t<div data-elementor-type=\"wp-page\" data-elementor-id=\"121\" class=\"elementor elementor-121\" data-elementor-post-type=\"page\">\n\t\t\t\t\t\t\t<div class=\"elementor-element elementor-element-c7f7d55 e-flex e-con-boxed e-con e-parent\" data-id=\"c7f7d55\" data-element_type=\"container\" data-settings=\"{&quot;background_background&quot;:&quot;classic&quot;,&quot;container_type&quot;:&quot;flex&quot;,&quot;content_width&quot;:&quot;boxed&quot;}\" data-core-v316-plus=\"true\">\n\t\t\t\t\t<div class=\"e-con-inner\">\n\t\t\t\t<div class=\"elementor-element elementor-element-644796c elementor-widget elementor-widget-heading\" data-id=\"644796c\" data-element_type=\"widget\" data-widget_type=\"heading.default\">\n\t\t\t\t<div class=\"elementor-widget-container\">\n\t\t\t<style>\/*! elementor - v3.16.0 - 20-09-2023 *\/\n.elementor-heading-title{padding:0;margin:0;line-height:1}.elementor-widget-heading .elementor-heading-title[class*=elementor-size-]>a{color:inherit;font-size:inherit;line-height:inherit}.elementor-widget-heading .elementor-heading-title.elementor-size-small{font-size:15px}.elementor-widget-heading .elementor-heading-title.elementor-size-medium{font-size:19px}.elementor-widget-heading .elementor-heading-title.elementor-size-large{font-size:29px}.elementor-widget-heading .elementor-heading-title.elementor-size-xl{font-size:39px}.elementor-widget-heading .elementor-heading-title.elementor-size-xxl{font-size:59px}<\/style><h1 class=\"elementor-heading-title elementor-size-default\">Blog<\/h1>\t\t<\/div>\n\t\t\t\t<\/div>\n\t\t\t\t<div class=\"elementor-element elementor-element-d61e72e elementor-widget elementor-widget-text-editor\" data-id=\"d61e72e\" data-element_type=\"widget\" data-widget_type=\"text-editor.default\">\n\t\t\t\t<div class=\"elementor-widget-container\">\n\t\t\t<style>\/*! elementor - v3.16.0 - 20-09-2023 *\/\n.elementor-widget-text-editor.elementor-drop-cap-view-stacked .elementor-drop-cap{background-color:#69727d;color:#fff}.elementor-widget-text-editor.elementor-drop-cap-view-framed .elementor-drop-cap{color:#69727d;border:3px solid;background-color:transparent}.elementor-widget-text-editor:not(.elementor-drop-cap-view-default) .elementor-drop-cap{margin-top:8px}.elementor-widget-text-editor:not(.elementor-drop-cap-view-default) .elementor-drop-cap-letter{width:1em;height:1em}.elementor-widget-text-editor .elementor-drop-cap{float:left;text-align:center;line-height:1;font-size:50px}.elementor-widget-text-editor .elementor-drop-cap-letter{display:inline-block}<\/style>\t\t\t\t<p>P\u0159e\u010dt\u011bte si n\u011bkter\u00fd z \u010dl\u00e1nku, kter\u00e9 jsem pro v\u00e1s p\u0159ipravil.<\/p>\t\t\t\t\t\t<\/div>\n\t\t\t\t<\/div>\n\t\t\t\t\t<\/div>\n\t\t\t\t<\/div>\n\t\t<div class=\"elementor-element elementor-element-0c54e85 e-flex e-con-boxed e-con e-parent\" data-id=\"0c54e85\" data-element_type=\"container\" data-settings=\"{&quot;background_background&quot;:&quot;classic&quot;,&quot;container_type&quot;:&quot;flex&quot;,&quot;content_width&quot;:&quot;boxed&quot;}\" data-core-v316-plus=\"true\">\n\t\t\t\t\t<div class=\"e-con-inner\">\n\t\t\t\t<div class=\"elementor-element elementor-element-2741a18 elementor-grid-3 elementor-grid-tablet-2 elementor-grid-mobile-1 elementor-posts--thumbnail-top elementor-card-shadow-yes elementor-posts__hover-gradient elementor-widget elementor-widget-posts\" data-id=\"2741a18\" data-element_type=\"widget\" data-settings=\"{&quot;cards_row_gap&quot;:{&quot;unit&quot;:&quot;px&quot;,&quot;size&quot;:45,&quot;sizes&quot;:[]},&quot;cards_columns&quot;:&quot;3&quot;,&quot;cards_columns_tablet&quot;:&quot;2&quot;,&quot;cards_columns_mobile&quot;:&quot;1&quot;,&quot;cards_row_gap_tablet&quot;:{&quot;unit&quot;:&quot;px&quot;,&quot;size&quot;:&quot;&quot;,&quot;sizes&quot;:[]},&quot;cards_row_gap_mobile&quot;:{&quot;unit&quot;:&quot;px&quot;,&quot;size&quot;:&quot;&quot;,&quot;sizes&quot;:[]}}\" data-widget_type=\"posts.cards\">\n\t\t\t\t<div class=\"elementor-widget-container\">\n\t\t\t<link rel=\"stylesheet\" href=\"https:\/\/janhonig.com\/wp-content\/plugins\/elementor-pro\/assets\/css\/widget-posts.min.css\">\t\t<div class=\"elementor-posts-container elementor-posts elementor-posts--skin-cards elementor-grid\">\n\t\t\t\t<article class=\"elementor-post elementor-grid-item post-764 post type-post status-publish format-standard has-post-thumbnail hentry category-blog\">\n\t\t\t<div class=\"elementor-post__card\">\n\t\t\t\t<a class=\"elementor-post__thumbnail__link\" href=\"https:\/\/janhonig.com\/index.php\/2023\/12\/05\/jak-pracovat-se-siderickym-kyvadlem\/\" tabindex=\"-1\" ><div class=\"elementor-post__thumbnail\"><img loading=\"lazy\" width=\"769\" height=\"965\" src=\"https:\/\/janhonig.com\/wp-content\/uploads\/2023\/12\/kyvadlo-e1699885961980.png\" class=\"attachment-full size-full wp-image-765\" alt=\"\" decoding=\"async\" srcset=\"https:\/\/janhonig.com\/wp-content\/uploads\/2023\/12\/kyvadlo-e1699885961980.png 769w, https:\/\/janhonig.com\/wp-content\/uploads\/2023\/12\/kyvadlo-e1699885961980-239x300.png 239w, https:\/\/janhonig.com\/wp-content\/uploads\/2023\/12\/kyvadlo-e1699885961980-600x753.png 600w\" sizes=\"(max-width: 769px) 100vw, 769px\" \/><\/div><\/a>\n\t\t\t\t<div class=\"elementor-post__text\">\n\t\t\t\t<h3 class=\"elementor-post__title\">\n\t\t\t<a href=\"https:\/\/janhonig.com\/index.php\/2023\/12\/05\/jak-pracovat-se-siderickym-kyvadlem\/\" >\n\t\t\t\tJak pracovat se siderick\u00fdm kyvadlem\t\t\t<\/a>\n\t\t<\/h3>\n\t\t\t\t<div class=\"elementor-post__excerpt\">\n\t\t\t<p>Ve sv\u011bt\u011b pln\u00e9m technologi\u00ed a digit\u00e1ln\u00edch inovac\u00ed m\u00e1 p\u0159ekvapiv\u011b starov\u011bk\u00fd n\u00e1stroj naz\u00fdv\u00e1n siderick\u00e9 kyvadlo sv\u00e9 speci\u00e1ln\u00ed m\u00edsto.&nbsp;Siderick\u00e9 kyvadlo je n\u00e1stroj, jeho\u017e pou\u017eit\u00ed m\u016f\u017ee b\u00fdt fascinuj\u00edc\u00ed<\/p>\n\t\t<\/div>\n\t\t\t\t\t<div class=\"elementor-post__read-more-wrapper\">\n\t\t\n\t\t<a class=\"elementor-post__read-more\" href=\"https:\/\/janhonig.com\/index.php\/2023\/12\/05\/jak-pracovat-se-siderickym-kyvadlem\/\" aria-label=\"Read more about Jak pracovat se siderick\u00fdm kyvadlem\" tabindex=\"-1\" >\n\t\t\tP\u0159e\u010d\u00edst si \u010dl\u00e1nek&gt;&gt;\t\t<\/a>\n\n\t\t\t\t\t<\/div>\n\t\t\t\t<\/div>\n\t\t\t\t<div class=\"elementor-post__meta-data\">\n\t\t\t\t\t<span class=\"elementor-post-date\">\n\t\t\t5. 12. 2023\t\t<\/span>\n\t\t\t\t<\/div>\n\t\t\t\t\t<\/div>\n\t\t<\/article>\n\t\t\t\t<article class=\"elementor-post elementor-grid-item post-761 post type-post status-publish format-standard has-post-thumbnail hentry category-blog\">\n\t\t\t<div class=\"elementor-post__card\">\n\t\t\t\t<a class=\"elementor-post__thumbnail__link\" href=\"https:\/\/janhonig.com\/index.php\/2023\/12\/05\/vlastnosti-a-pouziti-magickeho-achatu\/\" tabindex=\"-1\" ><div class=\"elementor-post__thumbnail\"><img loading=\"lazy\" width=\"873\" height=\"938\" src=\"https:\/\/janhonig.com\/wp-content\/uploads\/2023\/12\/achat-e1699886930305.png\" class=\"attachment-full size-full wp-image-762\" alt=\"\" decoding=\"async\" srcset=\"https:\/\/janhonig.com\/wp-content\/uploads\/2023\/12\/achat-e1699886930305.png 873w, https:\/\/janhonig.com\/wp-content\/uploads\/2023\/12\/achat-e1699886930305-279x300.png 279w, https:\/\/janhonig.com\/wp-content\/uploads\/2023\/12\/achat-e1699886930305-768x825.png 768w, https:\/\/janhonig.com\/wp-content\/uploads\/2023\/12\/achat-e1699886930305-600x645.png 600w\" sizes=\"(max-width: 873px) 100vw, 873px\" \/><\/div><\/a>\n\t\t\t\t<div class=\"elementor-post__text\">\n\t\t\t\t<h3 class=\"elementor-post__title\">\n\t\t\t<a href=\"https:\/\/janhonig.com\/index.php\/2023\/12\/05\/vlastnosti-a-pouziti-magickeho-achatu\/\" >\n\t\t\t\tVlastnosti a pou\u017eit\u00ed magick\u00e9ho ach\u00e1tu\t\t\t<\/a>\n\t\t<\/h3>\n\t\t\t\t<div class=\"elementor-post__excerpt\">\n\t\t\t<p>Vstupte se mnou do fascinuj\u00edc\u00edho sv\u011bta miner\u00e1l\u016f, kde se z\u00e1zra\u010dn\u011b snoub\u00ed kr\u00e1sa s l\u00e9\u010divou silou. Otev\u0159eme dve\u0159e tajemn\u00e9 komnaty, kde n\u00e1s v\u00edt\u00e1 jedna z nejzn\u00e1m\u011bj\u0161\u00edch<\/p>\n\t\t<\/div>\n\t\t\t\t\t<div class=\"elementor-post__read-more-wrapper\">\n\t\t\n\t\t<a class=\"elementor-post__read-more\" href=\"https:\/\/janhonig.com\/index.php\/2023\/12\/05\/vlastnosti-a-pouziti-magickeho-achatu\/\" aria-label=\"Read more about Vlastnosti a pou\u017eit\u00ed magick\u00e9ho ach\u00e1tu\" tabindex=\"-1\" >\n\t\t\tP\u0159e\u010d\u00edst si \u010dl\u00e1nek&gt;&gt;\t\t<\/a>\n\n\t\t\t\t\t<\/div>\n\t\t\t\t<\/div>\n\t\t\t\t<div class=\"elementor-post__meta-data\">\n\t\t\t\t\t<span class=\"elementor-post-date\">\n\t\t\t5. 12. 2023\t\t<\/span>\n\t\t\t\t<\/div>\n\t\t\t\t\t<\/div>\n\t\t<\/article>\n\t\t\t\t<article class=\"elementor-post elementor-grid-item post-758 post type-post status-publish format-standard has-post-thumbnail hentry category-blog\">\n\t\t\t<div class=\"elementor-post__card\">\n\t\t\t\t<a class=\"elementor-post__thumbnail__link\" href=\"https:\/\/janhonig.com\/index.php\/2023\/12\/05\/historie-techniky-a-tipy-pro-pouziti-vykurovadel\/\" tabindex=\"-1\" ><div class=\"elementor-post__thumbnail\"><img loading=\"lazy\" width=\"964\" height=\"829\" src=\"https:\/\/janhonig.com\/wp-content\/uploads\/2023\/12\/salvej-blog-e1700480519443.png\" class=\"attachment-full size-full wp-image-759\" alt=\"\" decoding=\"async\" srcset=\"https:\/\/janhonig.com\/wp-content\/uploads\/2023\/12\/salvej-blog-e1700480519443.png 964w, https:\/\/janhonig.com\/wp-content\/uploads\/2023\/12\/salvej-blog-e1700480519443-300x258.png 300w, https:\/\/janhonig.com\/wp-content\/uploads\/2023\/12\/salvej-blog-e1700480519443-768x660.png 768w, https:\/\/janhonig.com\/wp-content\/uploads\/2023\/12\/salvej-blog-e1700480519443-600x516.png 600w\" sizes=\"(max-width: 964px) 100vw, 964px\" \/><\/div><\/a>\n\t\t\t\t<div class=\"elementor-post__text\">\n\t\t\t\t<h3 class=\"elementor-post__title\">\n\t\t\t<a href=\"https:\/\/janhonig.com\/index.php\/2023\/12\/05\/historie-techniky-a-tipy-pro-pouziti-vykurovadel\/\" >\n\t\t\t\tHistorie, techniky a tipy pro pou\u017eit\u00ed vyku\u0159ovadel\t\t\t<\/a>\n\t\t<\/h3>\n\t\t\t\t<div class=\"elementor-post__excerpt\">\n\t\t\t<p>V\u00edtejte v z\u00e1hadn\u00e9m sv\u011bt\u011b&nbsp;vyku\u0159ovadel, kde se kou\u0159 st\u00e1v\u00e1 mostem mezi hmotn\u00fdm a duchovn\u00edm sv\u011btem, a v\u016fn\u011b se st\u00e1v\u00e1 jazykem, kter\u00fdm hovo\u0159\u00ed na\u0161e du\u0161e. Zav\u0159ete na<\/p>\n\t\t<\/div>\n\t\t\t\t\t<div class=\"elementor-post__read-more-wrapper\">\n\t\t\n\t\t<a class=\"elementor-post__read-more\" href=\"https:\/\/janhonig.com\/index.php\/2023\/12\/05\/historie-techniky-a-tipy-pro-pouziti-vykurovadel\/\" aria-label=\"Read more about Historie, techniky a tipy pro pou\u017eit\u00ed vyku\u0159ovadel\" tabindex=\"-1\" >\n\t\t\tP\u0159e\u010d\u00edst si \u010dl\u00e1nek&gt;&gt;\t\t<\/a>\n\n\t\t\t\t\t<\/div>\n\t\t\t\t<\/div>\n\t\t\t\t<div class=\"elementor-post__meta-data\">\n\t\t\t\t\t<span class=\"elementor-post-date\">\n\t\t\t5. 12. 2023\t\t<\/span>\n\t\t\t\t<\/div>\n\t\t\t\t\t<\/div>\n\t\t<\/article>\n\t\t\t\t<article class=\"elementor-post elementor-grid-item post-755 post type-post status-publish format-standard has-post-thumbnail hentry category-blog\">\n\t\t\t<div class=\"elementor-post__card\">\n\t\t\t\t<a class=\"elementor-post__thumbnail__link\" href=\"https:\/\/janhonig.com\/index.php\/2023\/12\/05\/moderni-carodejnictvi-a-jeho-postaveni-ve-spolecnosti\/\" tabindex=\"-1\" ><div class=\"elementor-post__thumbnail\"><img loading=\"lazy\" width=\"945\" height=\"832\" src=\"https:\/\/janhonig.com\/wp-content\/uploads\/2023\/12\/CARODEJNICTVI-e1700481170542.png\" class=\"attachment-full size-full wp-image-756\" alt=\"\" decoding=\"async\" srcset=\"https:\/\/janhonig.com\/wp-content\/uploads\/2023\/12\/CARODEJNICTVI-e1700481170542.png 945w, https:\/\/janhonig.com\/wp-content\/uploads\/2023\/12\/CARODEJNICTVI-e1700481170542-300x264.png 300w, https:\/\/janhonig.com\/wp-content\/uploads\/2023\/12\/CARODEJNICTVI-e1700481170542-768x676.png 768w, https:\/\/janhonig.com\/wp-content\/uploads\/2023\/12\/CARODEJNICTVI-e1700481170542-600x528.png 600w\" sizes=\"(max-width: 945px) 100vw, 945px\" \/><\/div><\/a>\n\t\t\t\t<div class=\"elementor-post__text\">\n\t\t\t\t<h3 class=\"elementor-post__title\">\n\t\t\t<a href=\"https:\/\/janhonig.com\/index.php\/2023\/12\/05\/moderni-carodejnictvi-a-jeho-postaveni-ve-spolecnosti\/\" >\n\t\t\t\tModern\u00ed \u010darod\u011bjnictv\u00ed a jeho postaven\u00ed ve spole\u010dnosti\t\t\t<\/a>\n\t\t<\/h3>\n\t\t\t\t<div class=\"elementor-post__excerpt\">\n\t\t\t<p>Ve sv\u011bt\u011b, kde se ka\u017ed\u00fd den probouz\u00edme do reality pln\u00e9 technologie a v\u011bdeck\u00fdch objev\u016f, m\u016f\u017ee b\u00fdt my\u0161lenka \u010darod\u011bjnictv\u00ed vn\u00edm\u00e1na jako relikvie d\u00e1vn\u00fdch \u010das\u016f, jako z\u00e1blesk<\/p>\n\t\t<\/div>\n\t\t\t\t\t<div class=\"elementor-post__read-more-wrapper\">\n\t\t\n\t\t<a class=\"elementor-post__read-more\" href=\"https:\/\/janhonig.com\/index.php\/2023\/12\/05\/moderni-carodejnictvi-a-jeho-postaveni-ve-spolecnosti\/\" aria-label=\"Read more about Modern\u00ed \u010darod\u011bjnictv\u00ed a jeho postaven\u00ed ve spole\u010dnosti\" tabindex=\"-1\" >\n\t\t\tP\u0159e\u010d\u00edst si \u010dl\u00e1nek&gt;&gt;\t\t<\/a>\n\n\t\t\t\t\t<\/div>\n\t\t\t\t<\/div>\n\t\t\t\t<div class=\"elementor-post__meta-data\">\n\t\t\t\t\t<span class=\"elementor-post-date\">\n\t\t\t5. 12. 2023\t\t<\/span>\n\t\t\t\t<\/div>\n\t\t\t\t\t<\/div>\n\t\t<\/article>\n\t\t\t\t<article class=\"elementor-post elementor-grid-item post-752 post type-post status-publish format-standard has-post-thumbnail hentry category-blog\">\n\t\t\t<div class=\"elementor-post__card\">\n\t\t\t\t<a class=\"elementor-post__thumbnail__link\" href=\"https:\/\/janhonig.com\/index.php\/2023\/12\/05\/sila-a-moc-kristalu\/\" tabindex=\"-1\" ><div class=\"elementor-post__thumbnail\"><img loading=\"lazy\" width=\"890\" height=\"830\" src=\"https:\/\/janhonig.com\/wp-content\/uploads\/2023\/12\/kristal-e1700481730383.png\" class=\"attachment-full size-full wp-image-753\" alt=\"\" decoding=\"async\" srcset=\"https:\/\/janhonig.com\/wp-content\/uploads\/2023\/12\/kristal-e1700481730383.png 890w, https:\/\/janhonig.com\/wp-content\/uploads\/2023\/12\/kristal-e1700481730383-300x280.png 300w, https:\/\/janhonig.com\/wp-content\/uploads\/2023\/12\/kristal-e1700481730383-768x716.png 768w, https:\/\/janhonig.com\/wp-content\/uploads\/2023\/12\/kristal-e1700481730383-600x560.png 600w\" sizes=\"(max-width: 890px) 100vw, 890px\" \/><\/div><\/a>\n\t\t\t\t<div class=\"elementor-post__text\">\n\t\t\t\t<h3 class=\"elementor-post__title\">\n\t\t\t<a href=\"https:\/\/janhonig.com\/index.php\/2023\/12\/05\/sila-a-moc-kristalu\/\" >\n\t\t\t\tS\u00edla a moc k\u0159i\u0161\u0165\u00e1lu\t\t\t<\/a>\n\t\t<\/h3>\n\t\t\t\t<div class=\"elementor-post__excerpt\">\n\t\t\t<p>Kdy\u017e se \u0159ekne k\u0159i\u0161\u0165\u00e1l, mnoh\u00fdm z n\u00e1s se vybav\u00ed obrazy z\u00e1\u0159\u00edc\u00edch, geometricky dokonal\u00fdch \u00fatvar\u016f, kter\u00e9 se t\u0159pyt\u00ed na slunci a rozkl\u00e1daj\u00ed sv\u011btlo do v\u0161ech barev<\/p>\n\t\t<\/div>\n\t\t\t\t\t<div class=\"elementor-post__read-more-wrapper\">\n\t\t\n\t\t<a class=\"elementor-post__read-more\" href=\"https:\/\/janhonig.com\/index.php\/2023\/12\/05\/sila-a-moc-kristalu\/\" aria-label=\"Read more about S\u00edla a moc k\u0159i\u0161\u0165\u00e1lu\" tabindex=\"-1\" >\n\t\t\tP\u0159e\u010d\u00edst si \u010dl\u00e1nek&gt;&gt;\t\t<\/a>\n\n\t\t\t\t\t<\/div>\n\t\t\t\t<\/div>\n\t\t\t\t<div class=\"elementor-post__meta-data\">\n\t\t\t\t\t<span class=\"elementor-post-date\">\n\t\t\t5. 12. 2023\t\t<\/span>\n\t\t\t\t<\/div>\n\t\t\t\t\t<\/div>\n\t\t<\/article>\n\t\t\t\t<article class=\"elementor-post elementor-grid-item post-356 post type-post status-publish format-standard has-post-thumbnail hentry category-blog\">\n\t\t\t<div class=\"elementor-post__card\">\n\t\t\t\t<a class=\"elementor-post__thumbnail__link\" href=\"https:\/\/janhonig.com\/index.php\/2023\/10\/12\/superpotraviny-21-stoleti\/\" tabindex=\"-1\" ><div class=\"elementor-post__thumbnail\"><img loading=\"lazy\" width=\"873\" height=\"634\" src=\"https:\/\/janhonig.com\/wp-content\/uploads\/2023\/10\/yerba_mate-e1692021320683.jpg\" class=\"attachment-full size-full wp-image-357\" alt=\"\" decoding=\"async\" srcset=\"https:\/\/janhonig.com\/wp-content\/uploads\/2023\/10\/yerba_mate-e1692021320683.jpg 873w, https:\/\/janhonig.com\/wp-content\/uploads\/2023\/10\/yerba_mate-e1692021320683-300x218.jpg 300w, https:\/\/janhonig.com\/wp-content\/uploads\/2023\/10\/yerba_mate-e1692021320683-768x558.jpg 768w, https:\/\/janhonig.com\/wp-content\/uploads\/2023\/10\/yerba_mate-e1692021320683-600x436.jpg 600w\" sizes=\"(max-width: 873px) 100vw, 873px\" \/><\/div><\/a>\n\t\t\t\t<div class=\"elementor-post__text\">\n\t\t\t\t<h3 class=\"elementor-post__title\">\n\t\t\t<a href=\"https:\/\/janhonig.com\/index.php\/2023\/10\/12\/superpotraviny-21-stoleti\/\" >\n\t\t\t\tSuperpotraviny 21. stolet\u00ed\t\t\t<\/a>\n\t\t<\/h3>\n\t\t\t\t<div class=\"elementor-post__excerpt\">\n\t\t\t<p>N\u00e1poje a potraviny z p\u0159\u00edrody pro\u010d jsou tak obl\u00edben\u00e9? Yerba mat\u00e9, chlorella a spirulina pat\u0159\u00ed mezi tzv. superpotraviny,&nbsp;kter\u00e9 n\u00e1m p\u0159\u00edroda poskytuje p\u0159irozen\u011b a jejich konzumace<\/p>\n\t\t<\/div>\n\t\t\t\t\t<div class=\"elementor-post__read-more-wrapper\">\n\t\t\n\t\t<a class=\"elementor-post__read-more\" href=\"https:\/\/janhonig.com\/index.php\/2023\/10\/12\/superpotraviny-21-stoleti\/\" aria-label=\"Read more about Superpotraviny 21. stolet\u00ed\" tabindex=\"-1\" >\n\t\t\tP\u0159e\u010d\u00edst si \u010dl\u00e1nek&gt;&gt;\t\t<\/a>\n\n\t\t\t\t\t<\/div>\n\t\t\t\t<\/div>\n\t\t\t\t<div class=\"elementor-post__meta-data\">\n\t\t\t\t\t<span class=\"elementor-post-date\">\n\t\t\t12. 10. 2023\t\t<\/span>\n\t\t\t\t<\/div>\n\t\t\t\t\t<\/div>\n\t\t<\/article>\n\t\t\t\t<\/div>\n\t\t\n\t\t\t\t<\/div>\n\t\t\t\t<\/div>\n\t\t\t\t\t<\/div>\n\t\t\t\t<\/div>\n\t\t\t\t\t\t\t<\/div>\n\t\t","protected":false},"excerpt":{"rendered":"<p>Blog P\u0159e\u010dt\u011bte si n\u011bkter\u00fd z \u010dl\u00e1nku, kter\u00e9 jsem pro v\u00e1s p\u0159ipravil.<\/p>\n","protected":false},"author":1,"featured_media":0,"parent":0,"menu_order":0,"comment_status":"closed","ping_status":"closed","template":"","meta":{"footnotes":""},"aioseo_notices":[],"_links":{"self":[{"href":"https:\/\/janhonig.com\/index.php\/wp-json\/wp\/v2\/pages\/121"}],"collection":[{"href":"https:\/\/janhonig.com\/index.php\/wp-json\/wp\/v2\/pages"}],"about":[{"href":"https:\/\/janhonig.com\/index.php\/wp-json\/wp\/v2\/types\/page"}],"author":[{"embeddable":true,"href":"https:\/\/janhonig.com\/index.php\/wp-json\/wp\/v2\/users\/1"}],"replies":[{"embeddable":true,"href":"https:\/\/janhonig.com\/index.php\/wp-json\/wp\/v2\/comments?post=121"}],"version-history":[{"count":16,"href":"https:\/\/janhonig.com\/index.php\/wp-json\/wp\/v2\/pages\/121\/revisions"}],"predecessor-version":[{"id":715,"href":"https:\/\/janhonig.com\/index.php\/wp-json\/wp\/v2\/pages\/121\/revisions\/715"}],"wp:attachment":[{"href":"https:\/\/janhonig.com\/index.php\/wp-json\/wp\/v2\/media?parent=121"}],"curies":[{"name":"wp","href":"https:\/\/api.w.org\/{rel}","templated":true}]}}