{"id":198,"date":"2023-10-09T13:50:13","date_gmt":"2023-10-09T11:50:13","guid":{"rendered":"https:\/\/janhonig.com\/?page_id=198"},"modified":"2023-12-05T15:33:45","modified_gmt":"2023-12-05T14:33:45","slug":"komplexni-konzultace","status":"publish","type":"page","link":"https:\/\/janhonig.com\/index.php\/komplexni-konzultace\/","title":{"rendered":"Komplexn\u00ed Konzultace"},"content":{"rendered":"\t\t<div data-elementor-type=\"wp-page\" data-elementor-id=\"198\" class=\"elementor elementor-198\" data-elementor-post-type=\"page\">\n\t\t\t\t\t\t\t<div class=\"elementor-element elementor-element-80ddd0d e-flex e-con-boxed e-con e-parent\" data-id=\"80ddd0d\" data-element_type=\"container\" data-settings=\"{&quot;background_background&quot;:&quot;classic&quot;,&quot;container_type&quot;:&quot;flex&quot;,&quot;content_width&quot;:&quot;boxed&quot;}\" data-core-v316-plus=\"true\">\n\t\t\t\t\t<div class=\"e-con-inner\">\n\t\t\t\t<div class=\"elementor-element elementor-element-1837db3 elementor-widget elementor-widget-heading\" data-id=\"1837db3\" data-element_type=\"widget\" data-widget_type=\"heading.default\">\n\t\t\t\t<div class=\"elementor-widget-container\">\n\t\t\t<style>\/*! elementor - v3.16.0 - 20-09-2023 *\/\n.elementor-heading-title{padding:0;margin:0;line-height:1}.elementor-widget-heading .elementor-heading-title[class*=elementor-size-]>a{color:inherit;font-size:inherit;line-height:inherit}.elementor-widget-heading .elementor-heading-title.elementor-size-small{font-size:15px}.elementor-widget-heading .elementor-heading-title.elementor-size-medium{font-size:19px}.elementor-widget-heading .elementor-heading-title.elementor-size-large{font-size:29px}.elementor-widget-heading .elementor-heading-title.elementor-size-xl{font-size:39px}.elementor-widget-heading .elementor-heading-title.elementor-size-xxl{font-size:59px}<\/style><h1 class=\"elementor-heading-title elementor-size-default\">Komplexn\u00ed Konzultace<\/h1>\t\t<\/div>\n\t\t\t\t<\/div>\n\t\t\t\t<div class=\"elementor-element elementor-element-5c49678 elementor-widget elementor-widget-text-editor\" data-id=\"5c49678\" data-element_type=\"widget\" data-widget_type=\"text-editor.default\">\n\t\t\t\t<div class=\"elementor-widget-container\">\n\t\t\t<style>\/*! elementor - v3.16.0 - 20-09-2023 *\/\n.elementor-widget-text-editor.elementor-drop-cap-view-stacked .elementor-drop-cap{background-color:#69727d;color:#fff}.elementor-widget-text-editor.elementor-drop-cap-view-framed .elementor-drop-cap{color:#69727d;border:3px solid;background-color:transparent}.elementor-widget-text-editor:not(.elementor-drop-cap-view-default) .elementor-drop-cap{margin-top:8px}.elementor-widget-text-editor:not(.elementor-drop-cap-view-default) .elementor-drop-cap-letter{width:1em;height:1em}.elementor-widget-text-editor .elementor-drop-cap{float:left;text-align:center;line-height:1;font-size:50px}.elementor-widget-text-editor .elementor-drop-cap-letter{display:inline-block}<\/style>\t\t\t\t<p>Neh\u00e1d\u00e1m, netrefuji se, sd\u011bluji v\u017edy p\u0159esn\u011b a v\u011bcn\u011b to co m\u00e1te v\u011bd\u011bt a to co mi je sd\u011bleno<\/p>\t\t\t\t\t\t<\/div>\n\t\t\t\t<\/div>\n\t\t\t\t\t<\/div>\n\t\t\t\t<\/div>\n\t\t<div class=\"elementor-element elementor-element-47962fd e-flex e-con-boxed e-con e-parent\" data-id=\"47962fd\" data-element_type=\"container\" data-settings=\"{&quot;background_background&quot;:&quot;classic&quot;,&quot;container_type&quot;:&quot;flex&quot;,&quot;content_width&quot;:&quot;boxed&quot;}\" data-core-v316-plus=\"true\">\n\t\t\t\t\t<div class=\"e-con-inner\">\n\t\t<div class=\"elementor-element elementor-element-a4455c2 e-flex e-con-boxed e-con e-child\" data-id=\"a4455c2\" data-element_type=\"container\" data-settings=\"{&quot;container_type&quot;:&quot;flex&quot;,&quot;content_width&quot;:&quot;boxed&quot;}\">\n\t\t\t\t\t<div class=\"e-con-inner\">\n\t\t\t\t<div class=\"elementor-element elementor-element-186293f elementor-hidden-mobile elementor-widget elementor-widget-image\" data-id=\"186293f\" data-element_type=\"widget\" data-widget_type=\"image.default\">\n\t\t\t\t<div class=\"elementor-widget-container\">\n\t\t\t<style>\/*! elementor - v3.16.0 - 20-09-2023 *\/\n.elementor-widget-image{text-align:center}.elementor-widget-image a{display:inline-block}.elementor-widget-image a img[src$=\".svg\"]{width:48px}.elementor-widget-image img{vertical-align:middle;display:inline-block}<\/style>\t\t\t\t\t\t\t\t\t\t\t\t<img decoding=\"async\" loading=\"lazy\" width=\"3456\" height=\"5184\" src=\"https:\/\/janhonig.com\/wp-content\/uploads\/2023\/12\/sluzby-komplex-konzultace-1-min.png\" class=\"attachment-full size-full wp-image-795\" alt=\"\" srcset=\"https:\/\/janhonig.com\/wp-content\/uploads\/2023\/12\/sluzby-komplex-konzultace-1-min.png 3456w, https:\/\/janhonig.com\/wp-content\/uploads\/2023\/12\/sluzby-komplex-konzultace-1-min-200x300.png 200w, https:\/\/janhonig.com\/wp-content\/uploads\/2023\/12\/sluzby-komplex-konzultace-1-min-683x1024.png 683w, https:\/\/janhonig.com\/wp-content\/uploads\/2023\/12\/sluzby-komplex-konzultace-1-min-768x1152.png 768w, https:\/\/janhonig.com\/wp-content\/uploads\/2023\/12\/sluzby-komplex-konzultace-1-min-1024x1536.png 1024w, https:\/\/janhonig.com\/wp-content\/uploads\/2023\/12\/sluzby-komplex-konzultace-1-min-1365x2048.png 1365w, https:\/\/janhonig.com\/wp-content\/uploads\/2023\/12\/sluzby-komplex-konzultace-1-min-600x900.png 600w\" sizes=\"(max-width: 3456px) 100vw, 3456px\" \/>\t\t\t\t\t\t\t\t\t\t\t\t\t\t\t<\/div>\n\t\t\t\t<\/div>\n\t\t\t\t\t<\/div>\n\t\t\t\t<\/div>\n\t\t<div class=\"elementor-element elementor-element-b44abe5 e-flex e-con-boxed e-con e-child\" data-id=\"b44abe5\" data-element_type=\"container\" data-settings=\"{&quot;container_type&quot;:&quot;flex&quot;,&quot;content_width&quot;:&quot;boxed&quot;}\">\n\t\t\t\t\t<div class=\"e-con-inner\">\n\t\t\t\t<div class=\"elementor-element elementor-element-af3b5f3 elementor-widget elementor-widget-heading\" data-id=\"af3b5f3\" data-element_type=\"widget\" data-widget_type=\"heading.default\">\n\t\t\t\t<div class=\"elementor-widget-container\">\n\t\t\t<h2 class=\"elementor-heading-title elementor-size-default\">Neh\u00e1d\u00e1m, netrefuji se, sd\u011bluji v\u017edy p\u0159esn\u011b a v\u011bcn\u011b to co m\u00e1te v\u011bd\u011bt a to co mi je sd\u011bleno<\/h2>\t\t<\/div>\n\t\t\t\t<\/div>\n\t\t\t\t<div class=\"elementor-element elementor-element-4a6be2a elementor-widget elementor-widget-text-editor\" data-id=\"4a6be2a\" data-element_type=\"widget\" data-widget_type=\"text-editor.default\">\n\t\t\t\t<div class=\"elementor-widget-container\">\n\t\t\t\t\t\t\t<p>Pokud je V\u00e1\u0161 probl\u00e9m slo\u017eit\u011bj\u0161\u00ed a nechcete jen v\u00fdklad z karet \u010di v\u011b\u0161tbu budoucnosti, doporu\u010duji zvolit komplexn\u00ed konzultaci. Komplexn\u00ed konzultaci jsem do nab\u00eddky sv\u00fdch slu\u017eeb za\u0159adil, proto\u017ee p\u0159i t\u00e9to konzultaci pou\u017e\u00edv\u00e1m ve\u0161ker\u00e9 sv\u00e9 dovednosti a ezoterick\u00e9 techniky jako nap\u0159. channeling s Vy\u0161\u0161\u00edmi bytostmi, odblokov\u00e1n\u00ed negativn\u00edch energi\u00ed, automatick\u00e1 kresba, energetick\u00e9 pos\u00edlen\u00ed a odblokov\u00e1n\u00ed, v\u011b\u0161tba z karet a or\u00e1kula, pr\u00e1ce s kyvadlem a mnoho jin\u00fdch. V r\u00e1mci tohoto typu konzultace jdeme s klientem v\u017edy do j\u00e1dra probl\u00e9mu a sna\u017e\u00edme se naj\u00edt ve\u0161ker\u00e9 v\u011bci, kter\u00e9 dan\u00fd probl\u00e9m mohou ovlivnit a zapracovat na nich.<\/p><p><span class=\"wixui-rich-text__text\">Neh\u00e1d\u00e1m, netrefuji se, sd\u011bluji v\u017edy p\u0159esn\u011b a v\u011bcn\u011b to co m\u00e1te v\u011bd\u011bt a to co mi je sd\u011bleno.<\/span>\u00a0Pokud je V\u00e1\u0161 probl\u00e9m slo\u017eit\u011bj\u0161\u00edho charakteru, zvolte pros\u00edm tento typ konzultace. D\u00e1vejte velk\u00fd pozor na to, komu a s \u010d\u00edm se sv\u011b\u0159ujete, na ezoterick\u00e9 sc\u00e9n\u011b je mnoho podvodn\u00edk\u016f, \u0161arlat\u00e1n\u016f a zlod\u011bj\u016f, kte\u0159\u00ed se z V\u00e1s pouze sna\u017e\u00ed dostat pen\u00edze a vyu\u017e\u00edt. Porad\u00edm a najdu cestu \u0159e\u0161en\u00ed Va\u0161ich probl\u00e9m\u016f a \u017eivotn\u00edch strast\u00ed, nebo\u0165 se sna\u017e\u00edm nahl\u00ed\u017eet na v\u011bci z v\u00edce \u00fahl\u016f a naj\u00edt to nejlep\u0161\u00ed \u0159e\u0161en\u00ed.<\/p>\t\t\t\t\t\t<\/div>\n\t\t\t\t<\/div>\n\t\t\t\t<div class=\"elementor-element elementor-element-3db7e9b elementor-align-center elementor-widget elementor-widget-button\" data-id=\"3db7e9b\" data-element_type=\"widget\" data-widget_type=\"button.default\">\n\t\t\t\t<div class=\"elementor-widget-container\">\n\t\t\t\t\t<div class=\"elementor-button-wrapper\">\n\t\t\t<a class=\"elementor-button elementor-button-link elementor-size-sm\" href=\"https:\/\/janhonig.com\/index.php\/obchod\/\">\n\t\t\t\t\t\t<span class=\"elementor-button-content-wrapper\">\n\t\t\t\t\t\t<span class=\"elementor-button-text\">Objednat se na komplexn\u00ed konzultaci<\/span>\n\t\t<\/span>\n\t\t\t\t\t<\/a>\n\t\t<\/div>\n\t\t\t\t<\/div>\n\t\t\t\t<\/div>\n\t\t\t\t\t<\/div>\n\t\t\t\t<\/div>\n\t\t\t\t\t<\/div>\n\t\t\t\t<\/div>\n\t\t<div class=\"elementor-element elementor-element-7831f94 e-flex e-con-boxed e-con e-parent\" data-id=\"7831f94\" data-element_type=\"container\" data-settings=\"{&quot;background_background&quot;:&quot;classic&quot;,&quot;container_type&quot;:&quot;flex&quot;,&quot;content_width&quot;:&quot;boxed&quot;}\" data-core-v316-plus=\"true\">\n\t\t\t\t\t<div class=\"e-con-inner\">\n\t\t<div class=\"elementor-element elementor-element-4d8d38c e-flex e-con-boxed e-con e-child\" data-id=\"4d8d38c\" data-element_type=\"container\" data-settings=\"{&quot;container_type&quot;:&quot;flex&quot;,&quot;content_width&quot;:&quot;boxed&quot;}\">\n\t\t\t\t\t<div class=\"e-con-inner\">\n\t\t\t\t<div class=\"elementor-element elementor-element-3bc9041 elementor-widget elementor-widget-image\" data-id=\"3bc9041\" data-element_type=\"widget\" data-widget_type=\"image.default\">\n\t\t\t\t<div class=\"elementor-widget-container\">\n\t\t\t\t\t\t\t\t\t\t\t\t\t\t\t<img decoding=\"async\" loading=\"lazy\" width=\"3456\" height=\"5184\" src=\"https:\/\/janhonig.com\/wp-content\/uploads\/2023\/12\/sluzby-komplex-konzultace-2-min.png\" class=\"attachment-full size-full wp-image-796\" alt=\"\" srcset=\"https:\/\/janhonig.com\/wp-content\/uploads\/2023\/12\/sluzby-komplex-konzultace-2-min.png 3456w, https:\/\/janhonig.com\/wp-content\/uploads\/2023\/12\/sluzby-komplex-konzultace-2-min-200x300.png 200w, https:\/\/janhonig.com\/wp-content\/uploads\/2023\/12\/sluzby-komplex-konzultace-2-min-683x1024.png 683w, https:\/\/janhonig.com\/wp-content\/uploads\/2023\/12\/sluzby-komplex-konzultace-2-min-768x1152.png 768w, https:\/\/janhonig.com\/wp-content\/uploads\/2023\/12\/sluzby-komplex-konzultace-2-min-1024x1536.png 1024w, https:\/\/janhonig.com\/wp-content\/uploads\/2023\/12\/sluzby-komplex-konzultace-2-min-1365x2048.png 1365w, https:\/\/janhonig.com\/wp-content\/uploads\/2023\/12\/sluzby-komplex-konzultace-2-min-600x900.png 600w\" sizes=\"(max-width: 3456px) 100vw, 3456px\" \/>\t\t\t\t\t\t\t\t\t\t\t\t\t\t\t<\/div>\n\t\t\t\t<\/div>\n\t\t\t\t\t<\/div>\n\t\t\t\t<\/div>\n\t\t<div class=\"elementor-element elementor-element-83bd881 e-flex e-con-boxed e-con e-child\" data-id=\"83bd881\" data-element_type=\"container\" data-settings=\"{&quot;container_type&quot;:&quot;flex&quot;,&quot;content_width&quot;:&quot;boxed&quot;}\">\n\t\t\t\t\t<div class=\"e-con-inner\">\n\t\t\t\t<div class=\"elementor-element elementor-element-f790178 elementor-widget elementor-widget-heading\" data-id=\"f790178\" data-element_type=\"widget\" data-widget_type=\"heading.default\">\n\t\t\t\t<div class=\"elementor-widget-container\">\n\t\t\t<h2 class=\"elementor-heading-title elementor-size-default\">Odpov\u00edm na v\u0161echny ot\u00e1zky, \u010d\u00edm p\u0159esn\u011bj\u0161\u00ed budou, t\u00edm p\u0159esn\u011bj\u0161\u00ed bude m\u00e1 odpov\u011b\u010f<\/h2>\t\t<\/div>\n\t\t\t\t<\/div>\n\t\t\t\t<div class=\"elementor-element elementor-element-72abc40 elementor-widget elementor-widget-text-editor\" data-id=\"72abc40\" data-element_type=\"widget\" data-widget_type=\"text-editor.default\">\n\t\t\t\t<div class=\"elementor-widget-container\">\n\t\t\t\t\t\t\t<p class=\"font_8 wixui-rich-text__text\"><span class=\"wixui-rich-text__text\">M\u00e9 v\u00fdklady jsou v\u017edy p\u0159esn\u00e9, v\u011bcn\u00e9 a pravdiv\u00e9, nebo\u0165 nem\u00e1m r\u00e1d &#8220;om\u00e1\u010dku&#8221; a zbyte\u010dn\u00e9 \u0159e\u010di okolo. Cel\u00e1 konzultace m\u016f\u017ee prob\u00edhat telefonicky \u010di osobn\u011b v m\u00e9 priv\u00e1tn\u00ed kamenn\u00e9 v\u011b\u0161t\u00edrn\u011b v Opav\u011b.<\/span><\/p><p class=\"font_8 wixui-rich-text__text\"><span class=\"wixui-rich-text__text\">Zvolenou d\u00e9lku konzultace vlo\u017ete do ko\u0161\u00edku, zapla\u0165te skrze platebn\u00ed br\u00e1nu. V p\u0159\u00edpad\u011b, \u017ee nechcete platit kartou, m\u016f\u017eete \u010d\u00e1stku zaslat bankovn\u00edm p\u0159evodem na \u010d\u00edslo \u00fa\u010dtu 115-3890710277 \/ 0100. Do zpr\u00e1vy pro p\u0159\u00edjemce pros\u00edm uve\u010fte sv\u00e9 telefonn\u00ed \u010d\u00edslo. Po \u00fasp\u011b\u0161n\u011b prob\u011bhl\u00e9 platb\u011b m\u011b pros\u00edm kontaktujte na m\u00e9m telefonn\u00edm \u010d\u00edsle +420 792 520 064 pro stanoven\u00ed term\u00ednu konzultace.<\/span><\/p>\t\t\t\t\t\t<\/div>\n\t\t\t\t<\/div>\n\t\t\t\t<div class=\"elementor-element elementor-element-eb0c24d elementor-align-center elementor-widget elementor-widget-button\" data-id=\"eb0c24d\" data-element_type=\"widget\" data-widget_type=\"button.default\">\n\t\t\t\t<div class=\"elementor-widget-container\">\n\t\t\t\t\t<div class=\"elementor-button-wrapper\">\n\t\t\t<a class=\"elementor-button elementor-button-link elementor-size-sm\" href=\"https:\/\/janhonig.com\/index.php\/obchod\/\">\n\t\t\t\t\t\t<span class=\"elementor-button-content-wrapper\">\n\t\t\t\t\t\t<span class=\"elementor-button-text\">Objednat se na komplexn\u00ed konzultaci<\/span>\n\t\t<\/span>\n\t\t\t\t\t<\/a>\n\t\t<\/div>\n\t\t\t\t<\/div>\n\t\t\t\t<\/div>\n\t\t\t\t\t<\/div>\n\t\t\t\t<\/div>\n\t\t\t\t\t<\/div>\n\t\t\t\t<\/div>\n\t\t<div class=\"elementor-element elementor-element-c5d163c elementor-hidden-desktop elementor-hidden-tablet elementor-hidden-mobile e-flex e-con-boxed e-con e-parent\" data-id=\"c5d163c\" data-element_type=\"container\" data-settings=\"{&quot;background_background&quot;:&quot;classic&quot;,&quot;container_type&quot;:&quot;flex&quot;,&quot;content_width&quot;:&quot;boxed&quot;}\" data-core-v316-plus=\"true\">\n\t\t\t\t\t<div class=\"e-con-inner\">\n\t\t<div class=\"elementor-element elementor-element-de6b404 e-flex e-con-boxed e-con e-child\" data-id=\"de6b404\" data-element_type=\"container\" data-settings=\"{&quot;container_type&quot;:&quot;flex&quot;,&quot;content_width&quot;:&quot;boxed&quot;}\">\n\t\t\t\t\t<div class=\"e-con-inner\">\n\t\t\t\t<div class=\"elementor-element elementor-element-0660a43 elementor-widget elementor-widget-heading\" data-id=\"0660a43\" data-element_type=\"widget\" data-widget_type=\"heading.default\">\n\t\t\t\t<div class=\"elementor-widget-container\">\n\t\t\t<h2 class=\"elementor-heading-title elementor-size-default\">Zaj\u00edm\u00e1 V\u00e1s jak komplexn\u00ed konzultace prob\u00edh\u00e1, nebo jste na pochyb\u00e1ch, zda-li je pro v\u00e1s komplexn\u00ed konzultace tou spr\u00e1vnou volbou? Nato\u010dil jsem pro v\u00e1s video, kde se dozv\u00edte v\u0161e pot\u0159ebn\u00e9!<\/h2>\t\t<\/div>\n\t\t\t\t<\/div>\n\t\t\t\t<div class=\"elementor-element elementor-element-fb4f1c4 elementor-widget elementor-widget-video\" data-id=\"fb4f1c4\" data-element_type=\"widget\" data-settings=\"{&quot;video_type&quot;:&quot;hosted&quot;,&quot;controls&quot;:&quot;yes&quot;}\" data-widget_type=\"video.default\">\n\t\t\t\t<div class=\"elementor-widget-container\">\n\t\t\t<style>\/*! elementor - v3.16.0 - 20-09-2023 *\/\n.elementor-widget-video .elementor-widget-container{overflow:hidden;transform:translateZ(0)}.elementor-widget-video .elementor-wrapper{aspect-ratio:var(--video-aspect-ratio)}.elementor-widget-video .elementor-wrapper iframe,.elementor-widget-video .elementor-wrapper video{height:100%;width:100%;display:flex;border:none;background-color:#000}@supports not (aspect-ratio:1\/1){.elementor-widget-video .elementor-wrapper{position:relative;overflow:hidden;height:0;padding-bottom:calc(100% \/ var(--video-aspect-ratio))}.elementor-widget-video .elementor-wrapper iframe,.elementor-widget-video .elementor-wrapper video{position:absolute;top:0;right:0;bottom:0;left:0}}.elementor-widget-video .elementor-open-inline .elementor-custom-embed-image-overlay{position:absolute;top:0;right:0;bottom:0;left:0;background-size:cover;background-position:50%}.elementor-widget-video .elementor-custom-embed-image-overlay{cursor:pointer;text-align:center}.elementor-widget-video .elementor-custom-embed-image-overlay:hover .elementor-custom-embed-play i{opacity:1}.elementor-widget-video .elementor-custom-embed-image-overlay img{display:block;width:100%;aspect-ratio:var(--video-aspect-ratio);-o-object-fit:cover;object-fit:cover;-o-object-position:center center;object-position:center center}@supports not (aspect-ratio:1\/1){.elementor-widget-video .elementor-custom-embed-image-overlay{position:relative;overflow:hidden;height:0;padding-bottom:calc(100% \/ var(--video-aspect-ratio))}.elementor-widget-video .elementor-custom-embed-image-overlay img{position:absolute;top:0;right:0;bottom:0;left:0}}.elementor-widget-video .e-hosted-video .elementor-video{-o-object-fit:cover;object-fit:cover}.e-con-inner>.elementor-widget-video,.e-con>.elementor-widget-video{width:var(--container-widget-width);--flex-grow:var(--container-widget-flex-grow)}<\/style>\t\t<div class=\"e-hosted-video elementor-wrapper elementor-open-inline\">\n\t\t\t\t\t<video class=\"elementor-video\" src=\"https:\/\/janhonig.com\/wp-content\/uploads\/2023\/10\/23f6fc3a-dd90-4e7d-ac92-0190d27fbcab.mp4\" controls=\"\" preload=\"metadata\" controlsList=\"nodownload\"><\/video>\n\t\t\t\t<\/div>\n\t\t\t\t<\/div>\n\t\t\t\t<\/div>\n\t\t\t\t\t<\/div>\n\t\t\t\t<\/div>\n\t\t\t\t\t<\/div>\n\t\t\t\t<\/div>\n\t\t\t\t\t\t\t<\/div>\n\t\t","protected":false},"excerpt":{"rendered":"<p>Komplexn\u00ed Konzultace Neh\u00e1d\u00e1m, netrefuji se, sd\u011bluji v\u017edy p\u0159esn\u011b a v\u011bcn\u011b to co m\u00e1te v\u011bd\u011bt a to co mi je sd\u011bleno Neh\u00e1d\u00e1m, netrefuji se, sd\u011bluji v\u017edy p\u0159esn\u011b a v\u011bcn\u011b to co m\u00e1te v\u011bd\u011bt a to co mi je sd\u011bleno Pokud je V\u00e1\u0161 probl\u00e9m slo\u017eit\u011bj\u0161\u00ed a nechcete jen v\u00fdklad z karet \u010di v\u011b\u0161tbu budoucnosti, doporu\u010duji zvolit komplexn\u00ed [&hellip;]<\/p>\n","protected":false},"author":1,"featured_media":0,"parent":0,"menu_order":0,"comment_status":"closed","ping_status":"closed","template":"","meta":{"footnotes":""},"aioseo_notices":[],"_links":{"self":[{"href":"https:\/\/janhonig.com\/index.php\/wp-json\/wp\/v2\/pages\/198"}],"collection":[{"href":"https:\/\/janhonig.com\/index.php\/wp-json\/wp\/v2\/pages"}],"about":[{"href":"https:\/\/janhonig.com\/index.php\/wp-json\/wp\/v2\/types\/page"}],"author":[{"embeddable":true,"href":"https:\/\/janhonig.com\/index.php\/wp-json\/wp\/v2\/users\/1"}],"replies":[{"embeddable":true,"href":"https:\/\/janhonig.com\/index.php\/wp-json\/wp\/v2\/comments?post=198"}],"version-history":[{"count":28,"href":"https:\/\/janhonig.com\/index.php\/wp-json\/wp\/v2\/pages\/198\/revisions"}],"predecessor-version":[{"id":799,"href":"https:\/\/janhonig.com\/index.php\/wp-json\/wp\/v2\/pages\/198\/revisions\/799"}],"wp:attachment":[{"href":"https:\/\/janhonig.com\/index.php\/wp-json\/wp\/v2\/media?parent=198"}],"curies":[{"name":"wp","href":"https:\/\/api.w.org\/{rel}","templated":true}]}}