{"id":207,"date":"2023-10-09T15:29:00","date_gmt":"2023-10-09T13:29:00","guid":{"rendered":"https:\/\/janhonig.com\/?page_id=207"},"modified":"2023-12-05T15:39:31","modified_gmt":"2023-12-05T14:39:31","slug":"vestba-z-kristalove-koule","status":"publish","type":"page","link":"https:\/\/janhonig.com\/index.php\/vestba-z-kristalove-koule\/","title":{"rendered":"V\u011b\u0161tba Z K\u0159i\u0161\u0165\u00e1lov\u00e9 Koule"},"content":{"rendered":"\t\t<div data-elementor-type=\"wp-page\" data-elementor-id=\"207\" class=\"elementor elementor-207\" data-elementor-post-type=\"page\">\n\t\t\t\t\t\t\t<div class=\"elementor-element elementor-element-3928cd2 e-flex e-con-boxed e-con e-parent\" data-id=\"3928cd2\" data-element_type=\"container\" data-settings=\"{&quot;background_background&quot;:&quot;classic&quot;,&quot;container_type&quot;:&quot;flex&quot;,&quot;content_width&quot;:&quot;boxed&quot;}\" data-core-v316-plus=\"true\">\n\t\t\t\t\t<div class=\"e-con-inner\">\n\t\t\t\t<div class=\"elementor-element elementor-element-48f5701 elementor-widget elementor-widget-heading\" data-id=\"48f5701\" data-element_type=\"widget\" data-widget_type=\"heading.default\">\n\t\t\t\t<div class=\"elementor-widget-container\">\n\t\t\t<style>\/*! elementor - v3.16.0 - 20-09-2023 *\/\n.elementor-heading-title{padding:0;margin:0;line-height:1}.elementor-widget-heading .elementor-heading-title[class*=elementor-size-]>a{color:inherit;font-size:inherit;line-height:inherit}.elementor-widget-heading .elementor-heading-title.elementor-size-small{font-size:15px}.elementor-widget-heading .elementor-heading-title.elementor-size-medium{font-size:19px}.elementor-widget-heading .elementor-heading-title.elementor-size-large{font-size:29px}.elementor-widget-heading .elementor-heading-title.elementor-size-xl{font-size:39px}.elementor-widget-heading .elementor-heading-title.elementor-size-xxl{font-size:59px}<\/style><h1 class=\"elementor-heading-title elementor-size-default\">V\u011b\u0161tba z k\u0159i\u0161\u0165\u00e1lov\u00e9 koule\n<\/h1>\t\t<\/div>\n\t\t\t\t<\/div>\n\t\t\t\t<div class=\"elementor-element elementor-element-8de6b7f elementor-widget elementor-widget-text-editor\" data-id=\"8de6b7f\" data-element_type=\"widget\" data-widget_type=\"text-editor.default\">\n\t\t\t\t<div class=\"elementor-widget-container\">\n\t\t\t<style>\/*! elementor - v3.16.0 - 20-09-2023 *\/\n.elementor-widget-text-editor.elementor-drop-cap-view-stacked .elementor-drop-cap{background-color:#69727d;color:#fff}.elementor-widget-text-editor.elementor-drop-cap-view-framed .elementor-drop-cap{color:#69727d;border:3px solid;background-color:transparent}.elementor-widget-text-editor:not(.elementor-drop-cap-view-default) .elementor-drop-cap{margin-top:8px}.elementor-widget-text-editor:not(.elementor-drop-cap-view-default) .elementor-drop-cap-letter{width:1em;height:1em}.elementor-widget-text-editor .elementor-drop-cap{float:left;text-align:center;line-height:1;font-size:50px}.elementor-widget-text-editor .elementor-drop-cap-letter{display:inline-block}<\/style>\t\t\t\t<p>Neh\u00e1d\u00e1m, netrefuji se, sd\u011bluji v\u017edy p\u0159esn\u011b a v\u011bcn\u011b to co m\u00e1te v\u011bd\u011bt a to co vid\u00edm.<\/p>\t\t\t\t\t\t<\/div>\n\t\t\t\t<\/div>\n\t\t\t\t\t<\/div>\n\t\t\t\t<\/div>\n\t\t<div class=\"elementor-element elementor-element-3895e15 e-flex e-con-boxed e-con e-parent\" data-id=\"3895e15\" data-element_type=\"container\" data-settings=\"{&quot;background_background&quot;:&quot;classic&quot;,&quot;container_type&quot;:&quot;flex&quot;,&quot;content_width&quot;:&quot;boxed&quot;}\" data-core-v316-plus=\"true\">\n\t\t\t\t\t<div class=\"e-con-inner\">\n\t\t<div class=\"elementor-element elementor-element-d061362 e-flex e-con-boxed e-con e-child\" data-id=\"d061362\" data-element_type=\"container\" data-settings=\"{&quot;container_type&quot;:&quot;flex&quot;,&quot;content_width&quot;:&quot;boxed&quot;}\">\n\t\t\t\t\t<div class=\"e-con-inner\">\n\t\t\t\t<div class=\"elementor-element elementor-element-456b855 elementor-widget elementor-widget-image\" data-id=\"456b855\" data-element_type=\"widget\" data-widget_type=\"image.default\">\n\t\t\t\t<div class=\"elementor-widget-container\">\n\t\t\t<style>\/*! elementor - v3.16.0 - 20-09-2023 *\/\n.elementor-widget-image{text-align:center}.elementor-widget-image a{display:inline-block}.elementor-widget-image a img[src$=\".svg\"]{width:48px}.elementor-widget-image img{vertical-align:middle;display:inline-block}<\/style>\t\t\t\t\t\t\t\t\t\t\t\t<img decoding=\"async\" loading=\"lazy\" width=\"3456\" height=\"5184\" src=\"https:\/\/janhonig.com\/wp-content\/uploads\/2023\/12\/sluzby-koule-nahoru-min.png\" class=\"attachment-full size-full wp-image-809\" alt=\"\" srcset=\"https:\/\/janhonig.com\/wp-content\/uploads\/2023\/12\/sluzby-koule-nahoru-min.png 3456w, https:\/\/janhonig.com\/wp-content\/uploads\/2023\/12\/sluzby-koule-nahoru-min-200x300.png 200w, https:\/\/janhonig.com\/wp-content\/uploads\/2023\/12\/sluzby-koule-nahoru-min-683x1024.png 683w, https:\/\/janhonig.com\/wp-content\/uploads\/2023\/12\/sluzby-koule-nahoru-min-768x1152.png 768w, https:\/\/janhonig.com\/wp-content\/uploads\/2023\/12\/sluzby-koule-nahoru-min-1024x1536.png 1024w, https:\/\/janhonig.com\/wp-content\/uploads\/2023\/12\/sluzby-koule-nahoru-min-1365x2048.png 1365w, https:\/\/janhonig.com\/wp-content\/uploads\/2023\/12\/sluzby-koule-nahoru-min-600x900.png 600w\" sizes=\"(max-width: 3456px) 100vw, 3456px\" \/>\t\t\t\t\t\t\t\t\t\t\t\t\t\t\t<\/div>\n\t\t\t\t<\/div>\n\t\t\t\t\t<\/div>\n\t\t\t\t<\/div>\n\t\t<div class=\"elementor-element elementor-element-1934931 e-flex e-con-boxed e-con e-child\" data-id=\"1934931\" data-element_type=\"container\" data-settings=\"{&quot;container_type&quot;:&quot;flex&quot;,&quot;content_width&quot;:&quot;boxed&quot;}\">\n\t\t\t\t\t<div class=\"e-con-inner\">\n\t\t\t\t<div class=\"elementor-element elementor-element-4509bc3 elementor-widget elementor-widget-heading\" data-id=\"4509bc3\" data-element_type=\"widget\" data-widget_type=\"heading.default\">\n\t\t\t\t<div class=\"elementor-widget-container\">\n\t\t\t<h2 class=\"elementor-heading-title elementor-size-default\">Objevte kouzlo Krystalomancie<\/h2>\t\t<\/div>\n\t\t\t\t<\/div>\n\t\t\t\t<div class=\"elementor-element elementor-element-fba6514 elementor-widget elementor-widget-text-editor\" data-id=\"fba6514\" data-element_type=\"widget\" data-widget_type=\"text-editor.default\">\n\t\t\t\t<div class=\"elementor-widget-container\">\n\t\t\t\t\t\t\t<p>V\u011b\u0161t\u011bn\u00ed z k\u0159i\u0161\u0165\u00e1lov\u00e9 koule jsem do nab\u00eddky sv\u00fdch slu\u017eeb za\u0159adil, proto\u017ee mnoho z v\u00e1s nechce jen v\u00fdklad z karet. P\u0159i t\u00e9to konzultaci pou\u017e\u00edv\u00e1m ve\u0161ker\u00e9 sv\u00e9 dovednosti k napojen\u00ed na Va\u0161i osobu a n\u00e1sledn\u00e9 vzez\u0159en\u00ed osudu v k\u0159i\u0161\u0165\u00e1lov\u00e9 kouli. Jedn\u00e1 se o velmi vy\u010derp\u00e1vaj\u00edc\u00ed a t\u011b\u017ekou techniku p\u0159i kter\u00e9 je nezbytn\u00e1 100 % koncentrace.\u00a0<\/p>\t\t\t\t\t\t<\/div>\n\t\t\t\t<\/div>\n\t\t\t\t<div class=\"elementor-element elementor-element-2c62292 elementor-align-center elementor-widget elementor-widget-button\" data-id=\"2c62292\" data-element_type=\"widget\" data-widget_type=\"button.default\">\n\t\t\t\t<div class=\"elementor-widget-container\">\n\t\t\t\t\t<div class=\"elementor-button-wrapper\">\n\t\t\t<a class=\"elementor-button elementor-button-link elementor-size-sm\" href=\"https:\/\/janhonig.com\/index.php\/obchod\/\">\n\t\t\t\t\t\t<span class=\"elementor-button-content-wrapper\">\n\t\t\t\t\t\t<span class=\"elementor-button-text\">Objednat v\u011b\u0161tbu z k\u0159i\u0161\u0165\u00e1lov\u00e9 koule<\/span>\n\t\t<\/span>\n\t\t\t\t\t<\/a>\n\t\t<\/div>\n\t\t\t\t<\/div>\n\t\t\t\t<\/div>\n\t\t\t\t\t<\/div>\n\t\t\t\t<\/div>\n\t\t\t\t\t<\/div>\n\t\t\t\t<\/div>\n\t\t<div class=\"elementor-element elementor-element-096ab78 e-flex e-con-boxed e-con e-parent\" data-id=\"096ab78\" data-element_type=\"container\" data-settings=\"{&quot;background_background&quot;:&quot;classic&quot;,&quot;container_type&quot;:&quot;flex&quot;,&quot;content_width&quot;:&quot;boxed&quot;}\" data-core-v316-plus=\"true\">\n\t\t\t\t\t<div class=\"e-con-inner\">\n\t\t<div class=\"elementor-element elementor-element-6754ebf e-flex e-con-boxed e-con e-child\" data-id=\"6754ebf\" data-element_type=\"container\" data-settings=\"{&quot;container_type&quot;:&quot;flex&quot;,&quot;content_width&quot;:&quot;boxed&quot;}\">\n\t\t\t\t\t<div class=\"e-con-inner\">\n\t\t\t\t<div class=\"elementor-element elementor-element-86e95bd elementor-hidden-mobile elementor-widget elementor-widget-image\" data-id=\"86e95bd\" data-element_type=\"widget\" data-widget_type=\"image.default\">\n\t\t\t\t<div class=\"elementor-widget-container\">\n\t\t\t\t\t\t\t\t\t\t\t\t\t\t\t<img decoding=\"async\" loading=\"lazy\" width=\"3456\" height=\"5184\" src=\"https:\/\/janhonig.com\/wp-content\/uploads\/2023\/12\/sluzby-koule-dolu-min.png\" class=\"attachment-full size-full wp-image-810\" alt=\"\" srcset=\"https:\/\/janhonig.com\/wp-content\/uploads\/2023\/12\/sluzby-koule-dolu-min.png 3456w, https:\/\/janhonig.com\/wp-content\/uploads\/2023\/12\/sluzby-koule-dolu-min-200x300.png 200w, https:\/\/janhonig.com\/wp-content\/uploads\/2023\/12\/sluzby-koule-dolu-min-683x1024.png 683w, https:\/\/janhonig.com\/wp-content\/uploads\/2023\/12\/sluzby-koule-dolu-min-768x1152.png 768w, https:\/\/janhonig.com\/wp-content\/uploads\/2023\/12\/sluzby-koule-dolu-min-1024x1536.png 1024w, https:\/\/janhonig.com\/wp-content\/uploads\/2023\/12\/sluzby-koule-dolu-min-1365x2048.png 1365w, https:\/\/janhonig.com\/wp-content\/uploads\/2023\/12\/sluzby-koule-dolu-min-600x900.png 600w\" sizes=\"(max-width: 3456px) 100vw, 3456px\" \/>\t\t\t\t\t\t\t\t\t\t\t\t\t\t\t<\/div>\n\t\t\t\t<\/div>\n\t\t\t\t\t<\/div>\n\t\t\t\t<\/div>\n\t\t<div class=\"elementor-element elementor-element-76f2792 e-flex e-con-boxed e-con e-child\" data-id=\"76f2792\" data-element_type=\"container\" data-settings=\"{&quot;container_type&quot;:&quot;flex&quot;,&quot;content_width&quot;:&quot;boxed&quot;}\">\n\t\t\t\t\t<div class=\"e-con-inner\">\n\t\t\t\t<div class=\"elementor-element elementor-element-5eaea75 elementor-widget elementor-widget-heading\" data-id=\"5eaea75\" data-element_type=\"widget\" data-widget_type=\"heading.default\">\n\t\t\t\t<div class=\"elementor-widget-container\">\n\t\t\t<h2 class=\"elementor-heading-title elementor-size-default\">Neh\u00e1d\u00e1m, netrefuji se, sd\u011bluji v\u017edy p\u0159esn\u011b a v\u011bcn\u011b to co m\u00e1te v\u011bd\u011bt a to co vid\u00edm!<\/h2>\t\t<\/div>\n\t\t\t\t<\/div>\n\t\t\t\t<div class=\"elementor-element elementor-element-19de486 elementor-widget elementor-widget-text-editor\" data-id=\"19de486\" data-element_type=\"widget\" data-widget_type=\"text-editor.default\">\n\t\t\t\t<div class=\"elementor-widget-container\">\n\t\t\t\t\t\t\t<p class=\"font_8 wixui-rich-text__text\"><span class=\"wixui-rich-text__text\">Upozorn\u00edm V\u00e1s na probl\u00e9my, kter\u00e9 mohou nastat a p\u0159ij\u00edt. Mohu tak\u00e9 zaslat energii do situac\u00ed, kter\u00e9 V\u00e1s v budoucnosti \u010dekaj\u00ed, a t\u00edm pomoci jejich kladn\u00e9mu a pozitivn\u00edmu v\u00fdvoji. Porad\u00edm a najdu cestu \u0159e\u0161en\u00ed Va\u0161ich probl\u00e9m\u016f a \u017eivotn\u00edch strast\u00ed.<\/span><\/p><p class=\"font_8 wixui-rich-text__text\"><span class=\"wixui-rich-text__text\">Odpov\u00edm na v\u0161echny ot\u00e1zky, \u010d\u00edm p\u0159esn\u011bj\u0161\u00ed budou, t\u00edm p\u0159esn\u011bj\u0161\u00ed bude m\u00e1 odpov\u011b\u010f.\u00a0Cel\u00e1 konzultace m\u016f\u017ee prob\u00edhat telefonicky \u010di osobn\u011b v m\u00e9 priv\u00e1tn\u00ed kamenn\u00e9 v\u011b\u0161t\u00edrn\u011b v Opav\u011b.\u00a0Zvolenou slu\u017ebu vlo\u017ete do ko\u0161\u00edku, zapla\u0165te skrze platebn\u00ed br\u00e1nu. V p\u0159\u00edpad\u011b, \u017ee nechcete platit kartou m\u016f\u017eete \u010d\u00e1stku zaslat bankovn\u00edm p\u0159evodem na \u010d\u00edslo \u00fa\u010dtu 115-3890710277 \/ 0100 Do zpr\u00e1vy pro p\u0159\u00edjemce pros\u00edm uve\u010fte sv\u00e9 telefonn\u00ed \u010d\u00edslo. Po \u00fasp\u011b\u0161n\u011b prob\u011bhl\u00e9 platb\u011b m\u011b pros\u00edm kontaktujte na m\u00e9m telefonn\u00edm \u010d\u00edsle +420 792 520 064 pro term\u00edn konzultace.<\/span><\/p>\t\t\t\t\t\t<\/div>\n\t\t\t\t<\/div>\n\t\t\t\t<div class=\"elementor-element elementor-element-43209a0 elementor-align-center elementor-widget elementor-widget-button\" data-id=\"43209a0\" data-element_type=\"widget\" data-widget_type=\"button.default\">\n\t\t\t\t<div class=\"elementor-widget-container\">\n\t\t\t\t\t<div class=\"elementor-button-wrapper\">\n\t\t\t<a class=\"elementor-button elementor-button-link elementor-size-sm\" href=\"https:\/\/janhonig.com\/index.php\/obchod\/\">\n\t\t\t\t\t\t<span class=\"elementor-button-content-wrapper\">\n\t\t\t\t\t\t<span class=\"elementor-button-text\">Objednat v\u011b\u0161tbu z k\u0159i\u0161\u0165\u00e1lov\u00e9 koule<\/span>\n\t\t<\/span>\n\t\t\t\t\t<\/a>\n\t\t<\/div>\n\t\t\t\t<\/div>\n\t\t\t\t<\/div>\n\t\t\t\t\t<\/div>\n\t\t\t\t<\/div>\n\t\t\t\t\t<\/div>\n\t\t\t\t<\/div>\n\t\t<div class=\"elementor-element elementor-element-1d78303 elementor-hidden-desktop elementor-hidden-tablet elementor-hidden-mobile e-flex e-con-boxed e-con e-parent\" data-id=\"1d78303\" data-element_type=\"container\" data-settings=\"{&quot;background_background&quot;:&quot;classic&quot;,&quot;container_type&quot;:&quot;flex&quot;,&quot;content_width&quot;:&quot;boxed&quot;}\" data-core-v316-plus=\"true\">\n\t\t\t\t\t<div class=\"e-con-inner\">\n\t\t<div class=\"elementor-element elementor-element-d9a4f5d e-flex e-con-boxed e-con e-child\" data-id=\"d9a4f5d\" data-element_type=\"container\" data-settings=\"{&quot;container_type&quot;:&quot;flex&quot;,&quot;content_width&quot;:&quot;boxed&quot;}\">\n\t\t\t\t\t<div class=\"e-con-inner\">\n\t\t\t\t<div class=\"elementor-element elementor-element-cc61ca1 elementor-widget elementor-widget-heading\" data-id=\"cc61ca1\" data-element_type=\"widget\" data-widget_type=\"heading.default\">\n\t\t\t\t<div class=\"elementor-widget-container\">\n\t\t\t<h2 class=\"elementor-heading-title elementor-size-default\">Zaj\u00edm\u00e1 V\u00e1s jak v\u011b\u0161tba z k\u0159i\u0161\u0165\u00e1lov\u00e9 koule prob\u00edh\u00e1, nebo jste na pochyb\u00e1ch, zda-li je pro v\u00e1s v\u011b\u0161tba z k\u0159i\u0161\u0165\u00e1lov\u00e9 koule tou spr\u00e1vnou volbou? Nato\u010dil jsem pro v\u00e1s video, kde se dozv\u00edte v\u0161e pot\u0159ebn\u00e9!<\/h2>\t\t<\/div>\n\t\t\t\t<\/div>\n\t\t\t\t<div class=\"elementor-element elementor-element-b39f05e elementor-widget elementor-widget-video\" data-id=\"b39f05e\" data-element_type=\"widget\" data-settings=\"{&quot;video_type&quot;:&quot;hosted&quot;,&quot;controls&quot;:&quot;yes&quot;}\" data-widget_type=\"video.default\">\n\t\t\t\t<div class=\"elementor-widget-container\">\n\t\t\t<style>\/*! elementor - v3.16.0 - 20-09-2023 *\/\n.elementor-widget-video .elementor-widget-container{overflow:hidden;transform:translateZ(0)}.elementor-widget-video .elementor-wrapper{aspect-ratio:var(--video-aspect-ratio)}.elementor-widget-video .elementor-wrapper iframe,.elementor-widget-video .elementor-wrapper video{height:100%;width:100%;display:flex;border:none;background-color:#000}@supports not (aspect-ratio:1\/1){.elementor-widget-video .elementor-wrapper{position:relative;overflow:hidden;height:0;padding-bottom:calc(100% \/ var(--video-aspect-ratio))}.elementor-widget-video .elementor-wrapper iframe,.elementor-widget-video .elementor-wrapper video{position:absolute;top:0;right:0;bottom:0;left:0}}.elementor-widget-video .elementor-open-inline .elementor-custom-embed-image-overlay{position:absolute;top:0;right:0;bottom:0;left:0;background-size:cover;background-position:50%}.elementor-widget-video .elementor-custom-embed-image-overlay{cursor:pointer;text-align:center}.elementor-widget-video .elementor-custom-embed-image-overlay:hover .elementor-custom-embed-play i{opacity:1}.elementor-widget-video .elementor-custom-embed-image-overlay img{display:block;width:100%;aspect-ratio:var(--video-aspect-ratio);-o-object-fit:cover;object-fit:cover;-o-object-position:center center;object-position:center center}@supports not (aspect-ratio:1\/1){.elementor-widget-video .elementor-custom-embed-image-overlay{position:relative;overflow:hidden;height:0;padding-bottom:calc(100% \/ var(--video-aspect-ratio))}.elementor-widget-video .elementor-custom-embed-image-overlay img{position:absolute;top:0;right:0;bottom:0;left:0}}.elementor-widget-video .e-hosted-video .elementor-video{-o-object-fit:cover;object-fit:cover}.e-con-inner>.elementor-widget-video,.e-con>.elementor-widget-video{width:var(--container-widget-width);--flex-grow:var(--container-widget-flex-grow)}<\/style>\t\t<div class=\"e-hosted-video elementor-wrapper elementor-open-inline\">\n\t\t\t\t\t<video class=\"elementor-video\" src=\"https:\/\/janhonig.com\/wp-content\/uploads\/2023\/10\/vestba-1-1.mp4\" controls=\"\" preload=\"metadata\" controlsList=\"nodownload\"><\/video>\n\t\t\t\t<\/div>\n\t\t\t\t<\/div>\n\t\t\t\t<\/div>\n\t\t\t\t\t<\/div>\n\t\t\t\t<\/div>\n\t\t\t\t\t<\/div>\n\t\t\t\t<\/div>\n\t\t\t\t\t\t\t<\/div>\n\t\t","protected":false},"excerpt":{"rendered":"<p>V\u011b\u0161tba z k\u0159i\u0161\u0165\u00e1lov\u00e9 koule Neh\u00e1d\u00e1m, netrefuji se, sd\u011bluji v\u017edy p\u0159esn\u011b a v\u011bcn\u011b to co m\u00e1te v\u011bd\u011bt a to co vid\u00edm. Objevte kouzlo Krystalomancie V\u011b\u0161t\u011bn\u00ed z k\u0159i\u0161\u0165\u00e1lov\u00e9 koule jsem do nab\u00eddky sv\u00fdch slu\u017eeb za\u0159adil, proto\u017ee mnoho z v\u00e1s nechce jen v\u00fdklad z karet. P\u0159i t\u00e9to konzultaci pou\u017e\u00edv\u00e1m ve\u0161ker\u00e9 sv\u00e9 dovednosti k napojen\u00ed na Va\u0161i osobu a [&hellip;]<\/p>\n","protected":false},"author":1,"featured_media":0,"parent":0,"menu_order":0,"comment_status":"closed","ping_status":"closed","template":"","meta":{"footnotes":""},"aioseo_notices":[],"_links":{"self":[{"href":"https:\/\/janhonig.com\/index.php\/wp-json\/wp\/v2\/pages\/207"}],"collection":[{"href":"https:\/\/janhonig.com\/index.php\/wp-json\/wp\/v2\/pages"}],"about":[{"href":"https:\/\/janhonig.com\/index.php\/wp-json\/wp\/v2\/types\/page"}],"author":[{"embeddable":true,"href":"https:\/\/janhonig.com\/index.php\/wp-json\/wp\/v2\/users\/1"}],"replies":[{"embeddable":true,"href":"https:\/\/janhonig.com\/index.php\/wp-json\/wp\/v2\/comments?post=207"}],"version-history":[{"count":28,"href":"https:\/\/janhonig.com\/index.php\/wp-json\/wp\/v2\/pages\/207\/revisions"}],"predecessor-version":[{"id":813,"href":"https:\/\/janhonig.com\/index.php\/wp-json\/wp\/v2\/pages\/207\/revisions\/813"}],"wp:attachment":[{"href":"https:\/\/janhonig.com\/index.php\/wp-json\/wp\/v2\/media?parent=207"}],"curies":[{"name":"wp","href":"https:\/\/api.w.org\/{rel}","templated":true}]}}