{"id":379,"date":"2023-10-17T17:05:29","date_gmt":"2023-10-17T15:05:29","guid":{"rendered":"https:\/\/janhonig.com\/?post_type=product&#038;p=379"},"modified":"2023-12-04T14:32:53","modified_gmt":"2023-12-04T13:32:53","slug":"komplexni-konzultace-90-minut","status":"publish","type":"product","link":"https:\/\/janhonig.com\/index.php\/produkt\/komplexni-konzultace-90-minut\/","title":{"rendered":"Komplexn\u00ed konzultace &#8211; 90 minut"},"content":{"rendered":"<p>Pokud je V\u00e1\u0161 probl\u00e9m slo\u017eit\u011bj\u0161\u00ed a nechcete jen v\u00fdklad z karet \u010di v\u011b\u0161tbu budoucnosti, doporu\u010duji zvolit komplexn\u00ed konzultaci. Komplexn\u00ed konzultaci jsem do nab\u00eddky sv\u00fdch slu\u017eeb za\u0159adil, proto\u017ee p\u0159i t\u00e9to konzultaci pou\u017e\u00edv\u00e1m ve\u0161ker\u00e9 sv\u00e9 dovednosti a ezoterick\u00e9 techniky jako nap\u0159. channeling s Vy\u0161\u0161\u00edmi bytostmi, odblokov\u00e1n\u00ed negativn\u00edch energi\u00ed, automatick\u00e1 kresba, energetick\u00e9 pos\u00edlen\u00ed a odblokov\u00e1n\u00ed, v\u011b\u0161tba z karet a or\u00e1kula, pr\u00e1ce s kyvadlem a mnoho jin\u00fdch. V r\u00e1mci tohoto typu konzultace jdeme s klientem v\u017edy do j\u00e1dra probl\u00e9mu a sna\u017e\u00edme se naj\u00edt ve\u0161ker\u00e9 v\u011bci, kter\u00e9 dan\u00fd probl\u00e9m mohou ovlivnit a zapracovat na nich.<\/p>\n<p><span class=\"wixui-rich-text__text\">Neh\u00e1d\u00e1m, netrefuji se, sd\u011bluji v\u017edy p\u0159esn\u011b a v\u011bcn\u011b to co m\u00e1te v\u011bd\u011bt a to co mi je sd\u011bleno.<\/span>\u00a0Pokud je V\u00e1\u0161 probl\u00e9m slo\u017eit\u011bj\u0161\u00edho charakteru, zvolte pros\u00edm tento typ konzultace. D\u00e1vejte velk\u00fd pozor na to, komu a s \u010d\u00edm se sv\u011b\u0159ujete, na ezoterick\u00e9 sc\u00e9n\u011b je mnoho podvodn\u00edk\u016f, \u0161arlat\u00e1n\u016f a zlod\u011bj\u016f, kte\u0159\u00ed se z V\u00e1s pouze sna\u017e\u00ed dostat pen\u00edze a vyu\u017e\u00edt. Porad\u00edm a najdu cestu \u0159e\u0161en\u00ed Va\u0161ich probl\u00e9m\u016f a \u017eivotn\u00edch strast\u00ed, nebo\u0165 se sna\u017e\u00edm nahl\u00ed\u017eet na v\u011bci z v\u00edce \u00fahl\u016f a naj\u00edt to nejlep\u0161\u00ed \u0159e\u0161en\u00ed.<\/p>\n<p>Tato jedine\u010dn\u00e1 ezoterick\u00e1 slu\u017eba v\u00e1m otev\u0159e dve\u0159e do sv\u011bta v\u011b\u0161teck\u00e9ho um\u011bn\u00ed a duchovn\u00edho pozn\u00e1n\u00ed. Jsem zku\u0161en\u00fdm ezoterikem a intuitivn\u00edm poradcem, kter\u00fd v\u00e1m pom\u016f\u017ee rozlu\u0161tit tajemstv\u00ed va\u0161\u00ed existence a pom\u016f\u017ee v\u00e1m dos\u00e1hnout vy\u0161\u0161\u00edho stupn\u011b sebeuv\u011bdom\u011bn\u00ed.<\/p>\n<p>B\u011bhem komplexn\u00ed konzultace m\u016f\u017eeme prozkoumat r\u016fzn\u00e9 aspekty va\u0161eho \u017eivota, v\u010detn\u011b minulosti, p\u0159\u00edtomnosti a budoucnosti. Tato slu\u017eba v\u00e1m umo\u017en\u00ed z\u00edskat jasn\u00fd pohled na va\u0161e cesty a rozhodnut\u00ed, kter\u00e1 v\u00e1m stoj\u00ed p\u0159ed v\u00e1mi. Spole\u010dn\u011b m\u016f\u017eeme proj\u00edt va\u0161imi ot\u00e1zkami ohledn\u011b l\u00e1sky, vztah\u016f, kari\u00e9ry, financ\u00ed a osobn\u00edho rozvoje.<\/p>\n<p>M\u00fdm c\u00edlem je pomoci v\u00e1m dos\u00e1hnout vy\u0161\u0161\u00edho stupn\u011b \u0161t\u011bst\u00ed a napln\u011bn\u00ed va\u0161eho \u017eivota. Komplexn\u00ed konzultace jsou p\u0159izp\u016fsobeny va\u0161im individu\u00e1ln\u00edm pot\u0159eb\u00e1m a ot\u00e1zk\u00e1m, co\u017e zaru\u010duje, \u017ee z\u00edsk\u00e1te konkr\u00e9tn\u00ed a cenn\u00e9 rady pro svou cestu.<\/p>\n<p>P\u0159ij\u010fte objevit hloubku ezoterick\u00e9 moudrosti a nechte m\u011b v\u00e1m pomoci rozlu\u0161tit tajemstv\u00ed va\u0161eho osudu.<\/p>\n","protected":false},"excerpt":{"rendered":"<p>Neh\u00e1d\u00e1m, netrefuji se, sd\u011bluji v\u017edy p\u0159esn\u011b a v\u011bcn\u011b to co m\u00e1te v\u011bd\u011bt a to co mi je sd\u011bleno.<\/p>\n","protected":false},"featured_media":389,"comment_status":"open","ping_status":"closed","template":"","meta":[],"product_cat":[29],"product_tag":[],"aioseo_notices":[],"_links":{"self":[{"href":"https:\/\/janhonig.com\/index.php\/wp-json\/wp\/v2\/product\/379"}],"collection":[{"href":"https:\/\/janhonig.com\/index.php\/wp-json\/wp\/v2\/product"}],"about":[{"href":"https:\/\/janhonig.com\/index.php\/wp-json\/wp\/v2\/types\/product"}],"replies":[{"embeddable":true,"href":"https:\/\/janhonig.com\/index.php\/wp-json\/wp\/v2\/comments?post=379"}],"wp:featuredmedia":[{"embeddable":true,"href":"https:\/\/janhonig.com\/index.php\/wp-json\/wp\/v2\/media\/389"}],"wp:attachment":[{"href":"https:\/\/janhonig.com\/index.php\/wp-json\/wp\/v2\/media?parent=379"}],"wp:term":[{"taxonomy":"product_cat","embeddable":true,"href":"https:\/\/janhonig.com\/index.php\/wp-json\/wp\/v2\/product_cat?post=379"},{"taxonomy":"product_tag","embeddable":true,"href":"https:\/\/janhonig.com\/index.php\/wp-json\/wp\/v2\/product_tag?post=379"}],"curies":[{"name":"wp","href":"https:\/\/api.w.org\/{rel}","templated":true}]}}