{"id":386,"date":"2023-10-17T17:09:08","date_gmt":"2023-10-17T15:09:08","guid":{"rendered":"https:\/\/janhonig.com\/?post_type=product&#038;p=386"},"modified":"2023-12-04T14:25:54","modified_gmt":"2023-12-04T13:25:54","slug":"cisteni-prostoru","status":"publish","type":"product","link":"https:\/\/janhonig.com\/index.php\/produkt\/cisteni-prostoru\/","title":{"rendered":"\u010ci\u0161t\u011bn\u00ed prostor\u016f"},"content":{"rendered":"<p>V\u00e1\u0161 domov nebo pracovn\u00ed prostor by m\u011bl b\u00fdt m\u00edstem klidu, harmonie a pozitivn\u00ed energie. Ale v pr\u016fb\u011bhu \u010dasu se mohou do prostoru akumulovat negativn\u00ed energie, stres a blok\u00e1dy, co\u017e m\u016f\u017ee ovlivnit va\u0161e pohodl\u00ed a blahobyt. Jsem zku\u0161en\u00fdm \u010distitelem prostor\u016f a m\u00fdm c\u00edlem je pomoci v\u00e1m obnovit \u010distotu a pozitivn\u00ed energii ve va\u0161em prost\u0159ed\u00ed.<\/p>\n<p>Pomoc\u00ed speci\u00e1ln\u00edch \u0161amansk\u00fdch a magick\u00fdch technik, za u\u017eit\u00ed speci\u00e1ln\u011b nam\u00edchan\u00fdch vyku\u0159ovadel, magick\u00fdch olej\u016f a dal\u0161\u00edch ritu\u00e1ln\u00edch v\u011bc\u00ed vy\u017eenu v\u0161e zl\u00e9 z Va\u0161ich prostor\u016f a nastol\u00edm op\u011bt klid a harmonii.<\/p>\n<p>Tato slu\u017eba je ide\u00e1ln\u00ed pro ty, kte\u0159\u00ed cht\u011bj\u00ed zlep\u0161it energii sv\u00e9ho domova nebo pracovi\u0161t\u011b, odstranit negativn\u00ed vlivy a vytvo\u0159it podm\u00ednky pro pozitivn\u00ed zm\u011bny. M\u00fdm c\u00edlem je vytvo\u0159it prostor, ve kter\u00e9m se budete c\u00edtit pohodln\u011b a kde budete moci pln\u011b rozvinout sv\u016fj potenci\u00e1l.<\/p>\n<p>P\u0159ijm\u011bte pozv\u00e1n\u00ed k \u010di\u0161t\u011bn\u00ed prostor\u016f a objevte, jak m\u016f\u017ee tato slu\u017eba pozitivn\u011b ovlivnit v\u00e1\u0161 \u017eivot a pohodu.<\/p>\n","protected":false},"excerpt":{"rendered":"<p>V\u00e1\u0161 prostor napln\u00edm op\u011bt \u010distou, harmonickou a produktivn\u00ed energi\u00ed. V r\u00e1mci firemn\u00edch prostor p\u0159im\u00edch\u00e1m \u00fasp\u011bch a p\u0159\u00edliv financ\u00ed. Va\u0161i nemovitost tak\u00e9 zabezpe\u010d\u00edm magickou ochranou, tak a\u0165 V\u00e1m ji\u017e nic nem\u016f\u017ee u\u0161kodit. Cel\u00fd proces lze realizovat osobn\u011b nebo na d\u00e1lku po telefonu \u010di SKYPU.<\/p>\n","protected":false},"featured_media":403,"comment_status":"open","ping_status":"closed","template":"","meta":[],"product_cat":[36],"product_tag":[],"aioseo_notices":[],"_links":{"self":[{"href":"https:\/\/janhonig.com\/index.php\/wp-json\/wp\/v2\/product\/386"}],"collection":[{"href":"https:\/\/janhonig.com\/index.php\/wp-json\/wp\/v2\/product"}],"about":[{"href":"https:\/\/janhonig.com\/index.php\/wp-json\/wp\/v2\/types\/product"}],"replies":[{"embeddable":true,"href":"https:\/\/janhonig.com\/index.php\/wp-json\/wp\/v2\/comments?post=386"}],"wp:featuredmedia":[{"embeddable":true,"href":"https:\/\/janhonig.com\/index.php\/wp-json\/wp\/v2\/media\/403"}],"wp:attachment":[{"href":"https:\/\/janhonig.com\/index.php\/wp-json\/wp\/v2\/media?parent=386"}],"wp:term":[{"taxonomy":"product_cat","embeddable":true,"href":"https:\/\/janhonig.com\/index.php\/wp-json\/wp\/v2\/product_cat?post=386"},{"taxonomy":"product_tag","embeddable":true,"href":"https:\/\/janhonig.com\/index.php\/wp-json\/wp\/v2\/product_tag?post=386"}],"curies":[{"name":"wp","href":"https:\/\/api.w.org\/{rel}","templated":true}]}}